 the greatest common factor of r and 45?
9
Let i(k) = -2*k + 239. Let n be i(-18). What is the highest common factor of 11 and n?
11
Suppose -782*t + 104 = -780*t. Calculate the highest common divisor of 208 and t.
52
Let k(h) = -310*h + 659. Let o be k(2). Let n(i) = 2*i - 7. Let t be n(5). Calculate the greatest common divisor of o and t.
3
Let c = -160 + 170. What is the greatest common factor of 200 and c?
10
Let p be (84 - 3)*(-4)/(-6). Let v be p/7 + 2/7. Suppose 0 = -8*t + 4*t + v. Calculate the highest common factor of 20 and t.
2
Suppose 0 = 2*t - l + 3*l - 464, 3*l = 12. Let d = 592 + -580. What is the highest common factor of t and d?
12
Let m = 13 - 8. Suppose m*g - 26 - 11 = -o, 5*g = 3*o - 51. Let f = o + 8. What is the greatest common divisor of 15 and f?
15
Let t = -410 + 608. What is the highest common factor of t and 72?
18
Let o(g) = g**3 + 6*g**2 + 6*g + 7. Let l be o(-5). Suppose 0 = 2*i - 0*i + 5*a - 71, -31 = -i + l*a. What is the greatest common factor of 3 and i?
3
Suppose -4*w - 3*q = -3*w - 46, 25 = w - 4*q. Suppose 0 = -33*t + w*t - 44. Calculate the highest common factor of t and 33.
11
Let s be (-102)/(-8) - (-1)/4. Let o = -74 + 82. Suppose 351 = -5*m + o*m. What is the greatest common factor of m and s?
13
Suppose 3*x = -55 + 13. Let h be 19 + x - (-2)/(-2). Calculate the greatest common divisor of 36 and h.
4
Suppose -15*j + 40 = -11*j. Let d be 7 + (-1 + 2 - 4). Suppose 2*a = -2*a - 4*y + 28, -d*a = -2*y - 16. Calculate the greatest common factor of j and a.
5
Let g be (-36 + -414)*48/(-10). Suppose 12*o = 22*o - g. What is the highest common divisor of 24 and o?
24
Suppose 0 = 16*u - u - 405. Suppose x - u = 4. What is the highest common factor of x and 155?
31
Suppose 6*c - 1431 = 9. Suppose 0 = -207*z + 204*z + c. Calculate the highest common divisor of 32 and z.
16
Suppose -28 = -j + 8. Calculate the highest common divisor of j and 288.
36
Let o(p) = 29*p + 907. Let s be o(-25). What is the greatest common factor of s and 234?
26
Let u(l) = 9*l + 139. Let g be u(-3). What is the greatest common divisor of 80 and g?
16
Suppose -25 = -5*j + x, -10*x = 2*j - 9*x - 3. Suppose 0 = 3*h - 5 - 1. Suppose h*m = -f + 38, -2*m - 1 = -3. Calculate the greatest common divisor of j and f.
4
Let s(u) = -u + 7 - 4*u - 9. Let w be s(-4). What is the highest common divisor of w and 4?
2
Let n be (-1)/(-3*(-1)/(-45)). Let i be (-25)/n*(-9)/3. Let u(v) = -2*v**3 - 3*v**2 + v - 4. Let q be u(-3). What is the highest common divisor of q and i?
5
Let x = 165 - 150. Calculate the highest common factor of 270 and x.
15
Let h(b) be the third derivative of 8*b**5/15 - b**4/12 - 22*b**2. Let c be h(-1). What is the greatest common divisor of 34 and c?
34
Let p(j) = -17*j + 34. Let x be p(5). Let t = x - -56. What is the highest common divisor of t and 45?
5
Suppose -666 = 64*u - 73*u. Calculate the highest common divisor of u and 2368.
74
Let t = -150 + 156. What is the highest common divisor of t and 18?
6
Let n = -81 + 125. Let l = n - 32. Suppose 0 = -3*u + 36 + 288. Calculate the highest common factor of l and u.
12
Suppose 2*k = 9*l - 4*l + 24, -2 = 3*k + 2*l. Calculate the highest common divisor of 46 and k.
2
Suppose -94*s - 990 = -127*s. What is the highest common factor of 885 and s?
15
Let m = 62 + -59. Let n be (3/6)/(m/216). Calculate the highest common factor of 4 and n.
4
Suppose 16*g - 697 = 1207. Calculate the greatest common divisor of g and 98.
7
Let z = -6 - -8. Suppose -z*m + 8 + 4 = -2*d, -4*d = 2*m - 6. Suppose m*q - 11 = 104. What is the greatest common factor of q and 69?
23
Suppose c - 874 = -4*h, 3*c - 1180 = 5*h + 1510. What is the greatest common factor of c and 10?
10
Let l be 0/(-2) + 6*2. Suppose 3*m + 5*m = 48. What is the greatest common divisor of m and l?
6
Let k = 3168 + -2134. Calculate the greatest common divisor of k and 44.
22
Suppose -5*i + 48 = -4*p, -5*i + 34 = -i - p. Let a = -4 + i. Let y be (-4)/6*(-36)/a. What is the greatest common factor of 60 and y?
6
Let j = -1263 - -2095. What is the greatest common factor of 156 and j?
52
Let p(r) = -r**2 + 12*r - 3. Let l be p(10). Let v = -6 - -8. Suppose 0 = 7*q - v*q - 765. Calculate the highest common factor of q and l.
17
Suppose -5*f - 117 = 603. Let i = -56 - f. What is the greatest common divisor of 11 and i?
11
Let d(o) = -2*o**2 + o + 105. Let v be d(0). Let r = v - 6. Let q(x) = -x**3 - 4*x**2 + 2*x - 4. Let g be q(-5). What is the greatest common divisor of r and g?
11
Let t be 244/8 + -1 - 6/4. Let n = t + -2. What is the greatest common divisor of n and 182?
26
Let x(j) = 19*j**2 - j - 1. Let p be x(1). Calculate the greatest common divisor of p and 595.
17
Let k be -18*104/(-84) + 2/(-7). Suppose k*a = 27*a - 110. Calculate the highest common factor of a and 198.
22
Let g be 14/(-42) + (-14)/(-6). Suppose 96 = g*y + 2*y. What is the greatest common divisor of 48 and y?
24
Suppose 46*u = 20*u + 29172. What is the highest common divisor of u and 204?
102
Suppose -5*f + 1006 = -3*x, 5*f + 7*x - 4*x = 994. Suppose -20*s = -201 - 299. Calculate the highest common divisor of f and s.
25
Suppose -20*f + 4*h = -17*f - 204, -4*f = -4*h - 268. What is the greatest common factor of 40 and f?
8
Let d(f) = -f**3 - f**2 - 2. Let r be d(-2). Suppose q = -2*q + r*h + 58, -100 = -4*q - 3*h. Calculate the highest common divisor of q and 11.
11
Let y be (0 - 42)*(1058/69)/(-23). What is the highest common factor of 28 and y?
28
Let v be ((-186)/36 - -5)*0 - -804. Calculate the highest common divisor of v and 12.
12
Let a(l) = -l**2 - 7*l + 9. Let y be a(-8). Let b be 0 + y - (-3 + -8 - 2). Calculate the highest common divisor of 35 and b.
7
Let p be 2952/40*5 + -9. What is the highest common divisor of 18 and p?
18
Suppose 19 = q + 3*m, -8*q = -10*q - 2*m + 18. Suppose a = q*a - 72. Calculate the greatest common factor of a and 60.
12
Let l be (2 + -7)*(2 + -3). Suppose 5*g - 157 = -l*i - 62, 2*g + 5*i = 50. Let t be (-1)/(-5) + 402/g. Calculate the highest common divisor of t and 3.
3
Let m(b) = -b**3 - 11*b**2 - 19*b - 9. Let n be m(-10). What is the highest common factor of 243 and n?
81
Suppose 5*l - 362 = 4*g, 4*l - 289 = 7*g - 4*g. Let f be (3/6)/((-2)/(-40)). What is the highest common divisor of f and l?
10
Let d = -53 + 65. Calculate the greatest common divisor of 174 and d.
6
Let l = 11 - -6. Suppose -320 = -41*v + 31*v. Let q = v - l. What is the highest common factor of 10 and q?
5
Let v(d) = -29*d - 11. Let f be v(-1). Calculate the highest common divisor of f and 3582.
18
Let z = -67 + 71. Let v be (-1141)/(-14) - 6/z. Calculate the greatest common divisor of 10 and v.
10
Let g(x) = x**2 + 8*x - 18. Let m be g(9). Let o = m - 51. What is the greatest common divisor of 42 and o?
42
Suppose 353 = 8*d + 17. What is the highest common factor of 138 and d?
6
Let a(t) = 6*t**3. Let n be a(-1). Let u(w) = w**3 + 7*w**2 + 10*w + 7. Let y be u(n). Let i = 29 + y. What is the greatest common factor of 8 and i?
4
Let q(h) = 2*h**2 + 15*h + 30. Let w be q(-20). Calculate the highest common factor of w and 20.
10
Let g(c) = c**3 + 19*c**2 - 25*c - 16. Let h be g(-19). What is the greatest common divisor of h and 51?
51
Suppose 12*n - 78 + 438 = 0. Let l be (1 + -16)*(n/25 + 0). Calculate the greatest common factor of l and 18.
18
Suppose -27*u + 19*u = -504. Calculate the highest common divisor of u and 36.
9
Suppose 685*d - 683*d - 30 = 0. Calculate the greatest common divisor of 100 and d.
5
Let i(c) = 15*c - 50. Let q be i(6). What is the highest common factor of 5 and q?
5
Let r be 0/((6/(-8) + 1)*4). Let u(k) = -k**2 - k + 16. Let y be u(r). Calculate the greatest common factor of y and 64.
16
Suppose 12733 = 20*c + 3453. Let b(u) = 4*u + 34. Let r be b(6). What is the greatest common divisor of r and c?
58
Let i = -7 - -3. Let l be (i/5)/((-6)/15). Let s be 7/(l/(-24)*-3). What is the greatest common divisor of 4 and s?
4
Let a be (-6)/21 + 0 - (-162)/(-21). Let l be 2/4 + (-1844)/a. Calculate the greatest common factor of l and 33.
33
Let s be (0 + 1 + -1)/2. Suppose 4*i - 3 - 17 = s. Suppose -i*z = 0, z = -2*y - 0*z + 14. Calculate the greatest common factor of 21 and y.
7
Suppose -511 = -4*t - 11. Suppose -t = -3*y + 109. Suppose o - y 